{"id":1441,"date":"2025-05-15T23:48:14","date_gmt":"2025-05-16T02:48:14","guid":{"rendered":"https:\/\/originallocacoes.com.br\/produto\/alisadora-de-concreto\/"},"modified":"2025-09-23T14:33:46","modified_gmt":"2025-09-23T17:33:46","slug":"alisadora-de-concreto-locacao","status":"publish","type":"product","link":"https:\/\/originallocadora.com.br\/wordpress\/produto\/alisadora-de-concreto-locacao\/","title":{"rendered":"Aluguel de alisadora de Concreto"},"content":{"rendered":"<p><b>Alugue a Alisadora de Concreto <\/b><span style=\"font-weight: 400;\">para ter um acabamento liso e uniforme em superf\u00edcies de concreto, com agilidade e alta performance.<\/span><\/p>\n<h3><b>Vantagens da Loca\u00e7\u00e3o<\/b><\/h3>\n<ul>\n<li style=\"font-weight: 400;\" aria-level=\"1\"><b>Acabamento Profissional:<\/b><span style=\"font-weight: 400;\"> O motor de 5,5 HP e as l\u00e2minas de 6x14cm garantem um acabamento de alta qualidade em pisos de concreto, tornando o equipamento ideal para obras, galp\u00f5es e estacionamentos.<\/span><\/li>\n<li style=\"font-weight: 400;\" aria-level=\"1\"><b>Leveza e Praticidade:<\/b><span style=\"font-weight: 400;\"> Com apenas 88 kg, a alisadora \u00e9 f\u00e1cil de manusear e transportar, o que a torna a solu\u00e7\u00e3o perfeita para trabalhos em locais de dif\u00edcil acesso, otimizando o seu tempo de trabalho.<\/span><\/li>\n<\/ul>\n<h3><b>Especifica\u00e7\u00f5es T\u00e9cnicas<\/b><\/h3>\n<ul>\n<li style=\"font-weight: 400;\" aria-level=\"1\"><b>Modelo:<\/b><span style=\"font-weight: 400;\"> ACV-36<\/span><\/li>\n<li style=\"font-weight: 400;\" aria-level=\"1\"><b>Motor:<\/b><span style=\"font-weight: 400;\"> 5,5 HP<\/span><\/li>\n<li style=\"font-weight: 400;\" aria-level=\"1\"><b>Peso:<\/b><span style=\"font-weight: 400;\"> 88 kg<\/span><\/li>\n<li style=\"font-weight: 400;\" aria-level=\"1\"><b>Tamanho das L\u00e2minas:<\/b><span style=\"font-weight: 400;\"> 6 x 14 cm<\/span><\/li>\n<li style=\"font-weight: 400;\" aria-level=\"1\"><b>Consumo:<\/b><span> 1,5 L\/h<\/span><\/li>\n<\/ul>\n","protected":false},"excerpt":{"rendered":"<p>Alugue a Alisadora de Concreto para ter um acabamento liso e uniforme em superf\u00edcies de concreto, com agilidade e alta performance. Vantagens da Loca\u00e7\u00e3o Acabamento Profissional: O motor de 5,5 HP e as l\u00e2minas de 6x14cm garantem um acabamento de alta qualidade em pisos de concreto, tornando o equipamento ideal para obras, galp\u00f5es e estacionamentos. [&hellip;]<\/p>\n","protected":false},"featured_media":127,"comment_status":"open","ping_status":"closed","template":"","meta":[],"product_brand":[],"product_cat":[59],"product_tag":[],"class_list":{"0":"post-1441","1":"product","2":"type-product","3":"status-publish","4":"has-post-thumbnail","6":"product_cat-concreto","8":"first","9":"instock","10":"shipping-taxable","11":"purchasable","12":"product-type-simple"},"_links":{"self":[{"href":"https:\/\/originallocadora.com.br\/wordpress\/wp-json\/wp\/v2\/product\/1441","targetHints":{"allow":["GET"]}}],"collection":[{"href":"https:\/\/originallocadora.com.br\/wordpress\/wp-json\/wp\/v2\/product"}],"about":[{"href":"https:\/\/originallocadora.com.br\/wordpress\/wp-json\/wp\/v2\/types\/product"}],"replies":[{"embeddable":true,"href":"https:\/\/originallocadora.com.br\/wordpress\/wp-json\/wp\/v2\/comments?post=1441"}],"wp:featuredmedia":[{"embeddable":true,"href":"https:\/\/originallocadora.com.br\/wordpress\/wp-json\/wp\/v2\/media\/127"}],"wp:attachment":[{"href":"https:\/\/originallocadora.com.br\/wordpress\/wp-json\/wp\/v2\/media?parent=1441"}],"wp:term":[{"taxonomy":"product_brand","embeddable":true,"href":"https:\/\/originallocadora.com.br\/wordpress\/wp-json\/wp\/v2\/product_brand?post=1441"},{"taxonomy":"product_cat","embeddable":true,"href":"https:\/\/originallocadora.com.br\/wordpress\/wp-json\/wp\/v2\/product_cat?post=1441"},{"taxonomy":"product_tag","embeddable":true,"href":"https:\/\/originallocadora.com.br\/wordpress\/wp-json\/wp\/v2\/product_tag?post=1441"}],"curies":[{"name":"wp","href":"https:\/\/api.w.org\/{rel}","templated":true}]}}