{"id":3106,"date":"2025-08-12T06:49:24","date_gmt":"2025-08-12T09:49:24","guid":{"rendered":"https:\/\/originallocadora.com.br\/wordpress\/?post_type=product&#038;p=3106"},"modified":"2025-09-19T10:01:13","modified_gmt":"2025-09-19T13:01:13","slug":"plataforma-tesoura-6m-locacao","status":"publish","type":"product","link":"https:\/\/originallocadora.com.br\/wordpress\/produto\/plataforma-tesoura-6m-locacao\/","title":{"rendered":"Plataforma Tesoura 6m Para Loca\u00e7\u00e3o"},"content":{"rendered":"<p><span style=\"font-weight: 400;\">Alugue a <\/span><b>Plataforma Tesoura 6m<\/b><span style=\"font-weight: 400;\"> para ter seguran\u00e7a e agilidade em trabalhos em altura de at\u00e9 5,80 metros. <\/span><span style=\"font-weight: 400;\"><br \/>\n<\/span><span style=\"font-weight: 400;\"><br \/>\n<\/span><b>Vantagens da Loca\u00e7\u00e3o<\/b><\/p>\n<ul>\n<li style=\"font-weight: 400;\" aria-level=\"1\"><b>Ideal para Interiores:<\/b><span style=\"font-weight: 400;\"> O sistema el\u00e9trico e a aus\u00eancia de emiss\u00f5es tornam a plataforma perfeita para uso em ambientes fechados, sem ru\u00eddo e polui\u00e7\u00e3o.<\/span><\/li>\n<li style=\"font-weight: 400;\" aria-level=\"1\"><b>Compacta e Segura:<\/b><span style=\"font-weight: 400;\"> As dimens\u00f5es reduzidas e o raio de curva externo de apenas 1,40m permitem que voc\u00ea manobre em corredores estreitos, enquanto a plataforma com capacidade para 227 kg suporta a equipe e suas ferramentas com seguran\u00e7a.<\/span><\/li>\n<li style=\"font-weight: 400;\" aria-level=\"1\"><b>Praticidade de Uso:<\/b><span style=\"font-weight: 400;\"> O tempo de eleva\u00e7\u00e3o de apenas 19 segundos e a velocidade de deslocamento de at\u00e9 3,8 km\/h agilizam a movimenta\u00e7\u00e3o e o posicionamento do equipamento, otimizando o seu tempo de trabalho.<\/span><\/li>\n<\/ul>\n<h3><b>Especifica\u00e7\u00f5es T\u00e9cnicas<\/b><\/h3>\n<ul>\n<li style=\"font-weight: 400;\" aria-level=\"1\"><b>Altura de trabalho:<\/b><span style=\"font-weight: 400;\"> 5,80 m<\/span><\/li>\n<li style=\"font-weight: 400;\" aria-level=\"1\"><b>Altura da plataforma:<\/b><span style=\"font-weight: 400;\"> 3,80 m<\/span><\/li>\n<li style=\"font-weight: 400;\" aria-level=\"1\"><b>Capacidade da plataforma:<\/b><span style=\"font-weight: 400;\"> 227 kg<\/span><\/li>\n<li style=\"font-weight: 400;\" aria-level=\"1\"><b>Peso:<\/b><span style=\"font-weight: 400;\"> 900 kg<\/span><\/li>\n<li style=\"font-weight: 400;\" aria-level=\"1\"><b>Comprimento:<\/b><span style=\"font-weight: 400;\"> 1,46 m<\/span><\/li>\n<li style=\"font-weight: 400;\" aria-level=\"1\"><b>Largura:<\/b><span style=\"font-weight: 400;\"> 0,76 m<\/span><\/li>\n<li style=\"font-weight: 400;\" aria-level=\"1\"><b>Velocidade do acionamento abaixada:<\/b><span style=\"font-weight: 400;\"> 3,80 km\/h<\/span><\/li>\n<\/ul>\n","protected":false},"excerpt":{"rendered":"<p>Alugue a Plataforma Tesoura 6m para ter seguran\u00e7a e agilidade em trabalhos em altura de at\u00e9 5,80 metros. Vantagens da Loca\u00e7\u00e3o Ideal para Interiores: O sistema el\u00e9trico e a aus\u00eancia de emiss\u00f5es tornam a plataforma perfeita para uso em ambientes fechados, sem ru\u00eddo e polui\u00e7\u00e3o. Compacta e Segura: As dimens\u00f5es reduzidas e o raio de [&hellip;]<\/p>\n","protected":false},"featured_media":3107,"comment_status":"open","ping_status":"closed","template":"","meta":[],"product_brand":[],"product_cat":[107],"product_tag":[],"class_list":{"0":"post-3106","1":"product","2":"type-product","3":"status-publish","4":"has-post-thumbnail","6":"product_cat-tesoura","8":"first","9":"instock","10":"shipping-taxable","11":"purchasable","12":"product-type-simple"},"_links":{"self":[{"href":"https:\/\/originallocadora.com.br\/wordpress\/wp-json\/wp\/v2\/product\/3106","targetHints":{"allow":["GET"]}}],"collection":[{"href":"https:\/\/originallocadora.com.br\/wordpress\/wp-json\/wp\/v2\/product"}],"about":[{"href":"https:\/\/originallocadora.com.br\/wordpress\/wp-json\/wp\/v2\/types\/product"}],"replies":[{"embeddable":true,"href":"https:\/\/originallocadora.com.br\/wordpress\/wp-json\/wp\/v2\/comments?post=3106"}],"wp:featuredmedia":[{"embeddable":true,"href":"https:\/\/originallocadora.com.br\/wordpress\/wp-json\/wp\/v2\/media\/3107"}],"wp:attachment":[{"href":"https:\/\/originallocadora.com.br\/wordpress\/wp-json\/wp\/v2\/media?parent=3106"}],"wp:term":[{"taxonomy":"product_brand","embeddable":true,"href":"https:\/\/originallocadora.com.br\/wordpress\/wp-json\/wp\/v2\/product_brand?post=3106"},{"taxonomy":"product_cat","embeddable":true,"href":"https:\/\/originallocadora.com.br\/wordpress\/wp-json\/wp\/v2\/product_cat?post=3106"},{"taxonomy":"product_tag","embeddable":true,"href":"https:\/\/originallocadora.com.br\/wordpress\/wp-json\/wp\/v2\/product_tag?post=3106"}],"curies":[{"name":"wp","href":"https:\/\/api.w.org\/{rel}","templated":true}]}}